, i + i - 6 = o. Suppose -280 = -7*g + i*g. List the prime factors of g.
2, 5, 7
Let r = 710 - 232. List the prime factors of r.
2, 239
Let i be (-9)/(-15) - (0 + (-14)/10). Suppose -4*v - i*k = -548, -5*v = -2*k - 2*k - 659. List the prime factors of v.
3, 5
Let c(g) = 48*g**3 + 10*g**2 - 2*g + 5. What are the prime factors of c(4)?
3229
Suppose 21 = 4*k - 11. Let l be k/5*30/4. Let a(f) = 2*f + 7. List the prime factors of a(l).
31
What are the prime factors of (-105 + -1)*(-9 + (2 - -6))?
2, 53
Let h be 3/1*(-10)/6. Let k = h + 4. What are the prime factors of 2 + 2 + k + 3?
2, 3
Let v(m) = -2*m**2 + m**2 + 1 + 1 + m**3. Let s be v(0). Suppose h - 4*c - 45 = -7*c, -s*h = -5*c - 57. What are the prime factors of h?
2, 3
Let h(n) = -5*n + 29. Let f be h(5). What are the prime factors of (-281)/(-4) - (60/(-16) + f)?
2, 5, 7
Let m(h) = h**3 - 19*h**2 - 19*h - 2. Let z be m(20). Let t = z - -9. List the prime factors of t.
3
Let a(s) = 51*s + 28. What are the prime factors of a(2)?
2, 5, 13
Let m(g) = 10*g + 16. Let c be m(4). Let w = c - 30. List the prime factors of w.
2, 13
Let k(y) be the second derivative of y**4/12 + 7*y**3/6 + y**2 - 2*y. Let s be k(-7). Suppose 29 = 3*a + s. What are the prime factors of a?
3
Suppose p = 0, 3*y - 5*p - 7472 = -1952. List the prime factors of y.
2, 5, 23
Let r(h) = -h**3 - 26*h**2 + 8*h + 59. List the prime factors of r(-29).
2, 5, 47
Let n(y) = y**3 + 2*y**2 + 4*y + 6. Let h be n(-5). Let a = h - -148. Suppose l - 2*f + a = 4*l, 5*f = -3*l + 53. What are the prime factors of l?
3, 7
Let a(f) = -14*f + 7. Let q(b) = -b + 1. Let v(p) = a(p) - 6*q(p). Let t(u) = -u**2 + 3*u - 2. Let l be t(3). What are the prime factors of v(l)?
17
Let z(l) = -l**3 - l**2 + 10*l - 11. Let b be z(6). Let c = -136 - b. Suppose 3*a - 11 = c. List the prime factors of a.
2, 13
Suppose -2*p + 148 = 2*p. Let c = p + -84. List the prime factors of (-6 - -5)*(-1 + c).
2, 3
Let i(h) = -5*h**2 + 14*h + 31. Let b(u) = u**2 + u - 1. Let t(v) = -6*b(v) - i(v). List the prime factors of t(-11).
2, 37
Let y = 196 - 6. What are the prime factors of y?
2, 5, 19
Let a be 32/8 + -3 + 1*-7. Let j = 108 + a. What are the prime factors of j?
2, 3, 17
Let l = 454 + -35. Suppose 0 = -3*p - 149 + l. What are the prime factors of p?
2, 3, 5
Suppose 0 = -18*o + 6587 + 2233. What are the prime factors of o?
2, 5, 7
Suppose -6*o = -8*o + 726. What are the prime factors of o?
3, 11
Suppose -3*m - u + 8 = -0*m, 4*m = 2*u + 4. Suppose m*p - 72 = p. List the prime factors of p.
2, 3
What are the prime factors of (-40)/140 + 72/7?
2, 5
Let x(j) = -172*j + 19. List the prime factors of x(-9).
1567
Suppose 5*w - 28 = 22. Let x be (w/3)/(8/(-12)). Let i(u) = -u - 2. What are the prime factors of i(x)?
3
Let b(f) = -f**3 + 2*f**2 - 12*f + 39. What are the prime factors of b(-12)?
3, 733
Let b be 1 + 3*4/(-6). Let n be (0 + 0)/((-4)/b). Suppose n*p - 320 = -5*p. List the prime factors of p.
2
Let d(f) = 923*f**3 - 2*f**2 - f. List the prime factors of d(1).
2, 5, 23
Suppose 4*v - 10 = -2*m, 8 = -3*v + 2. Let c be m/2*12/(-18). Let n = 1 - c. List the prime factors of n.
2
Suppose 0 = -44*b + 7*b + 147630. List the prime factors of b.
2, 3, 5, 7, 19
Let m(g) = -g - 11*g - 49 - 12*g + 20. List the prime factors of m(-6).
5, 23
List the prime factors of (-3 - -1590)/((-15)/(-10)).
2, 23
Let a(c) = c + 8. Let v be a(-3). Suppose -v*h + 508 = -127. What are the prime factors of h?
127
Let u(a) = -a**2 - 4. Let c be u(-3). Let x(g) = g**2 + 7*g - 23. List the prime factors of x(c).
5, 11
List the prime factors of (-213 + 0)*3*(-20)/60.
3, 71
Let c = -23 + -35. What are the prime factors of 12/(-8)*c*3?
3, 29
Suppose 0*o - 8 = -4*o. Suppose -2*w - o*w = 16. What are the prime factors of -20*w/((-24)/(-9))?
2, 3, 5
Let t(l) = 5*l**2 + 4*l + 3. Let o(v) = -10*v**2 - 9*v - 5. Let z(a) = 4*o(a) + 9*t(a). List the prime factors of z(-4).
3, 29
Let o = 12 + -18. Let x(h) = -h**3 - 6*h**2. Let p be x(o). What are the prime factors of 2 + 20 - (1 - p)?
3, 7
Let l be 1*(-3)/1 + 3. Suppose 5 = 5*r, 3 = c - r - l. Suppose -c*i + u = -104, -u = 3*i - 3*u - 83. What are the prime factors of i?
5
Suppose -2*a - 4*j = 4, 5*a + 22 = 5*j - 3. What are the prime factors of (-1286)/(-6) + a/12*-2?
5, 43
Let u be (-42)/4*(-2)/3. Let t = u + -3. List the prime factors of 21*(-1)/((-6)/t).
2, 7
Suppose -56 = -2*m - 4*j + 8*j, 12 = 4*j. Suppose -4*v = -m - 30. List the prime factors of (8/v)/(1/96).
2, 3
Suppose 0 = -3*m - 9, 4*k = -m - m + 2. Suppose 0*x = k*x - 18. List the prime factors of 58/6 - 6/x.
3
Suppose 4*a + 4*i = 124, -5*i - 6 = -2*a + 28. Let l = -10 + a. List the prime factors of l.
17
Let z = 919 + -431. What are the prime factors of z?
2, 61
Let q(b) be the first derivative of -9*b**2/2 - 7*b - 11. Suppose -2*a - 4 = -a. What are the prime factors of q(a)?
29
Let x be (-21)/(-3)*(-2)/(-7). Let u(d) = -11*d**2 - 5*d + d**3 + x + 2*d + 10*d**2. What are the prime factors of u(3)?
11
What are the prime factors of 7/42*-25371*(-2)/3?
2819
Let m = -142 + 149. Suppose -3*j + m*j = 624. List the prime factors of j.
2, 3, 13
Suppose 5*c - 3*i = 12 + 12, 5*c - 2*i - 21 = 0. Suppose -193 = -n - m, n - m = c*n - 384. List the prime factors of n.
191
Suppose 120 = o - 60. Suppose -3*f - 48 = -o. List the prime factors of f.
2, 11
Suppose 3*a - 925 = 629. List the prime factors of a.
2, 7, 37
Let f(h) = 3*h**2 + 11*h - 355. What are the prime factors of f(13)?
5, 59
Let m = 56 + -54. Suppose -5*f = -2*w + 71, m*f = 2*w + 7*f - 21. What are the prime factors of w?
23
Suppose -4*h + q - 12 = -0*q, -2*q + 16 = -4*h. Let c be (h/(-3))/((-22)/(-495)). Suppose -5*j + 130 - c = 0. What are the prime factors of j?
23
Let m(v) be the second derivative of 4*v + 1/2*v**3 + 0 + 1/2*v**2. List the prime factors of m(7).
2, 11
Suppose -399 = -10*k + 3711. List the prime factors of k.
3, 137
List the prime factors of 10*((-9)/(-15) + (-1158)/(-20)).
3, 5, 13
Suppose -m + 3*v + 1621 = 679, v + 2834 = 3*m. What are the prime factors of m?
3, 5, 7
Let a be (-5)/(-25) + (-2 - 852/(-15)). Let g = -52 + a. What are the prime factors of g?
3
Let u = 31 - 43. Let x = u - -18. Suppose -t = -x*t + 255. List the prime factors of t.
3, 17
Let m be (-822)/(-4)*104/156. Suppose 5*f = -5*b - 385, -4*b + 2*f - 332 = -0*f. Let n = m + b. What are the prime factors of n?
2, 7
Let l be (7 - -1) + -9 + 7. Suppose 0 = 2*a - x - 8, l + 2 = -2*x. Let w = a + 19. List the prime factors of w.
3, 7
Let h(p) = -33*p - 257. List the prime factors of h(-9).
2, 5
Let z be (-24)/4*(-19)/(-3). Let m = 41 + z. List the prime factors of m.
3
Let z(b) = 38*b**3 + 2*b**2 + 3*b + 2. Let o be z(-2). List the prime factors of (5/10)/((-2)/o).
3, 5
What are the prime factors of (6 + -2)*287/28?
41
Let q(m) = -m**3 - 2*m**2 + 4*m + 2. Let n be q(-4). Suppose -n - 10 = -4*g. List the prime factors of g.
7
Let y(g) = 6*g + 14. Let u(h) = -h. Let m(v) = 3*u(v) + y(v). Let f(n) = n**2 + 8. Let z be f(0). What are the prime factors of m(z)?
2, 19
Suppose -4*m = 0, 3*p + 2*p + 2*m + 20 = 0. Let b = -4 - p. Let r = 7 - b. What are the prime factors of r?
7
Suppose 2*n - 5*d = -2 - 20, 0 = -5*n - d - 1. List the prime factors of n/(-3*3/1098).
2, 61
Suppose -4*u - 5*c + 18 = -3*c, 5*u = 4*c - 10. Suppose -3*w + 2*f - 25 = u*w, 0 = 5*w - 4*f + 15. What are the prime factors of (-208)/w + (-28)/(-98)?
2, 3, 5
Let j = -234 - -585. What are the prime factors of j?
3, 13
Suppose 6 = -6*j + 36. Suppose -5*n - j*x = -7 - 23, -n + 3*x = 10. List the prime factors of n.
2
Let q(j) = 13*j**2 - 16*j - 35. List the prime factors of q(13).
2, 977
Suppose 21*x - 26*x + 3*f + 2260 = 0, -2*f + 439 = x. List the prime factors of x.
449
Let y(i) = -i**3 - 9*i**2 + 6*i - 14. Let z(p) = -p - 17. Let r be z(-6). Let b be y(r). Suppose 5*k = 13 + b. List the prime factors of k.
5, 7
Let z = -2 - -23. Let t = 31 + z. What are the prime factors of t?
2, 13
Suppose -183 = -t - 60. Suppose 5*h - 37 = t. What are the prime factors of h?
2
Let z = -240 + 1310. What are the prime factors of z?
2, 5, 107
Suppose -7*v + 6*v = 282. List the prime factors of (7/(-14))/(3/v).
47
Let z = 0 + 6. Let x = z - 2. Suppose -a - 62 = -3*m - 19, -x*m - a + 55 = 0. What are the prime fac